{"id":206,"date":"2019-04-01T19:18:55","date_gmt":"2019-04-01T17:18:55","guid":{"rendered":"https:\/\/www.udrzitelnypalmovyolej.cz\/?page_id=206"},"modified":"2021-01-28T12:53:01","modified_gmt":"2021-01-28T11:53:01","slug":"zavazek","status":"publish","type":"page","link":"https:\/\/www.udrzitelnypalmovyolej.cz\/?page_id=206","title":{"rendered":"Z\u00e1vazek"},"content":{"rendered":"<p>[et_pb_section fb_built=&#8220;1&#8243; _builder_version=&#8220;3.20.2&#8243; custom_padding=&#8220;53.17499923706055px|0px|0|0px|false|false&#8220;][et_pb_row custom_padding=&#8220;26.587499618530273px|0px|0|0px|false|false&#8220; _builder_version=&#8220;3.20.2&#8243;][et_pb_column type=&#8220;3_5&#8243; _builder_version=&#8220;3.20.2&#8243;][et_pb_text _builder_version=&#8220;3.20.2&#8243;]<\/p>\n<p><strong>P\u0159ipojte se i Vy k z\u00e1vazku pou\u017e\u00edvat palmov\u00fd olej z udr\u017eiteln\u00fdch zdroj\u016f<\/strong><\/p>\n<p><span>\u0158ada firem a organizac\u00ed z nev\u00fdrobn\u00ed sf\u00e9ry podporuje pou\u017e\u00edv\u00e1n\u00ed palmov\u00e9ho oleje z udr\u017eiteln\u00fdch zdroj\u016f. Ji\u017e celkem 9 st\u00e1t\u016f Evropy (D\u00e1nsko, Francie, N\u011bmecko, Nizozemsko, Velk\u00e1 Brit\u00e1nie, Norsko, It\u00e1lie, Belgie a \u0160pan\u011blsko) podepsalo na vl\u00e1dn\u00ed \u00farovni\u00a0<\/span><a href=\"https:\/\/www.udrzitelnypalmovyolej.cz\/wp-content\/uploads\/2021\/01\/AmsterdamDeclarationFullySustainablePalmOil.pdf\"><span class=\"InternetLink\"><b><span>Amsterodamskou deklaraci<\/span><\/b><\/span><\/a><span>. <\/span><span>Ta p\u016fvodn\u011b zavazovala zem\u011b, \u017ee do roku 2020 podpo\u0159\u00ed pou\u017e\u00edv\u00e1n\u00ed 100 % udr\u017eiteln\u00e9ho palmov\u00e9ho oleje. Nov\u00fd text z ledna 2021 se t\u00fdk\u00e1 i jin\u00fdch komodit, kter\u00e9 se v sou\u010dasnosti pod\u00edlej\u00ed na odles\u0148ov\u00e1n\u00ed (nap\u0159. s\u00f3ja, kakao, k\u00e1va, aj.). Z\u00e1vazek m\u00e1 ambice zastavit odles\u0148ov\u00e1n\u00ed ve v\u0161ech kritick\u00fdch komodit\u00e1ch do roku 2025.<\/span><\/p>\n<p><span style=\"font-size: 14px;\">K <a href=\"https:\/\/www.udrzitelnypalmovyolej.cz\/wp-content\/uploads\/2019\/04\/Amsterdamska-deklarace_v4.pdf\">z\u00e1vazku<\/a>\u00a0<span>ohledn\u011b palmov\u00e9ho oleje se m\u016f\u017ee p\u0159ihl\u00e1sit ka\u017ed\u00fd i po roce 2020, kdo pou\u017e\u00edv\u00e1 v\u00fdhradn\u011b palmov\u00fd olej z udr\u017eiteln\u00fdch zdroj\u016f, stejn\u011b jako subjekty, kter\u00e9 palmov\u00fd olej nepou\u017e\u00edvaj\u00ed, ale udr\u017eiteln\u00fd palmov\u00fd olej podporuj\u00ed. Vyu\u017eijte<\/span> <a href=\"https:\/\/www.udrzitelnypalmovyolej.cz\/?page_id=33\">kontaktn\u00ed formul\u00e1\u0159<\/a> <span>na webov\u00fdch str\u00e1nk\u00e1ch, Va\u0161e logo m\u016f\u017ee b\u00fdt p\u0159id\u00e1no na pohybliv\u00fd p\u00e1s na t\u00e9to str\u00e1nce dole. Pokud iniciativa z\u00edsk\u00e1 \u0161ir\u0161\u00ed podporu, je to \u0161ance pro \u010ceskou republiku p\u0159ipojit se k Amsterodamsk\u00e9 deklaraci po boku z\u00e1padoevropsk\u00fdch zem\u00ed.<\/span><\/span><\/p>\n<p>[\/et_pb_text][\/et_pb_column][et_pb_column type=&#8220;2_5&#8243; _builder_version=&#8220;3.20.2&#8243;][et_pb_image src=&#8220;https:\/\/www.udrzitelnypalmovyolej.cz\/wp-content\/uploads\/2019\/04\/mapaAMSdeklarace.jpg&#8220; _builder_version=&#8220;3.20.2&#8243;][\/et_pb_image][\/et_pb_column][\/et_pb_row][\/et_pb_section][et_pb_section fb_built=&#8220;1&#8243; fullwidth=&#8220;on&#8220; _builder_version=&#8220;3.20.2&#8243; custom_padding=&#8220;21px|0px|0px|0px|false|false&#8220;][et_pb_fullwidth_portfolio title=&#8220;Z\u00e1vazek k pou\u017e\u00edv\u00e1n\u00ed udr\u017eiteln\u00e9ho palmov\u00e9ho oleje podpo\u0159ili:&#8220; include_categories=&#8220;7&#8243; show_title=&#8220;off&#8220; show_date=&#8220;off&#8220; _builder_version=&#8220;3.20.2&#8243; portfolio_header_font=&#8220;|600|||||||&#8220; portfolio_header_text_color=&#8220;#7a7a7a&#8220; portfolio_header_font_size=&#8220;23px&#8220; title_font=&#8220;||||||||&#8220; box_shadow_style_image=&#8220;preset1&#8243; custom_margin=&#8220;0px||0px&#8220; custom_padding=&#8220;0px||0px&#8220; animation_style=&#8220;slide&#8220; auto=&#8220;on&#8220;][\/et_pb_fullwidth_portfolio][\/et_pb_section]<\/p>\n","protected":false},"excerpt":{"rendered":"<p>P\u0159ipojte se i Vy k z\u00e1vazku pou\u017e\u00edvat palmov\u00fd olej z udr\u017eiteln\u00fdch zdroj\u016f \u0158ada firem a organizac\u00ed z nev\u00fdrobn\u00ed sf\u00e9ry podporuje pou\u017e\u00edv\u00e1n\u00ed palmov\u00e9ho oleje z udr\u017eiteln\u00fdch zdroj\u016f. Ji\u017e celkem 9 st\u00e1t\u016f Evropy (D\u00e1nsko, Francie, N\u011bmecko, Nizozemsko, Velk\u00e1 Brit\u00e1nie, Norsko, It\u00e1lie, Belgie a \u0160pan\u011blsko) podepsalo na vl\u00e1dn\u00ed \u00farovni\u00a0Amsterodamskou deklaraci. Ta p\u016fvodn\u011b zavazovala zem\u011b, \u017ee do roku 2020 [&hellip;]<\/p>\n","protected":false},"author":1,"featured_media":522,"parent":0,"menu_order":0,"comment_status":"closed","ping_status":"closed","template":"","meta":{"_et_pb_use_builder":"on","_et_pb_old_content":"","_et_gb_content_width":"","ngg_post_thumbnail":0,"footnotes":""},"aioseo_notices":[],"_links":{"self":[{"href":"https:\/\/www.udrzitelnypalmovyolej.cz\/index.php?rest_route=\/wp\/v2\/pages\/206"}],"collection":[{"href":"https:\/\/www.udrzitelnypalmovyolej.cz\/index.php?rest_route=\/wp\/v2\/pages"}],"about":[{"href":"https:\/\/www.udrzitelnypalmovyolej.cz\/index.php?rest_route=\/wp\/v2\/types\/page"}],"author":[{"embeddable":true,"href":"https:\/\/www.udrzitelnypalmovyolej.cz\/index.php?rest_route=\/wp\/v2\/users\/1"}],"replies":[{"embeddable":true,"href":"https:\/\/www.udrzitelnypalmovyolej.cz\/index.php?rest_route=%2Fwp%2Fv2%2Fcomments&post=206"}],"version-history":[{"count":24,"href":"https:\/\/www.udrzitelnypalmovyolej.cz\/index.php?rest_route=\/wp\/v2\/pages\/206\/revisions"}],"predecessor-version":[{"id":923,"href":"https:\/\/www.udrzitelnypalmovyolej.cz\/index.php?rest_route=\/wp\/v2\/pages\/206\/revisions\/923"}],"wp:featuredmedia":[{"embeddable":true,"href":"https:\/\/www.udrzitelnypalmovyolej.cz\/index.php?rest_route=\/wp\/v2\/media\/522"}],"wp:attachment":[{"href":"https:\/\/www.udrzitelnypalmovyolej.cz\/index.php?rest_route=%2Fwp%2Fv2%2Fmedia&parent=206"}],"curies":[{"name":"wp","href":"https:\/\/api.w.org\/{rel}","templated":true}]}}